- 1/6*i**4 + 0 - 1/60*i**5. Determine g(o).
-1
Let t(b) = -17*b**3 - 39*b**2 - 4*b - 5. Let c(o) = 11*o**3 + 26*o**2 + 3*o + 4. Let f(z) = -8*c(z) - 5*t(z). Give f(-4).
-7
Suppose 32*l - 49*l + 136 = 0. Let x(o) = -o**3 + 7*o**2 + 10*o - 4. Calculate x(l).
12
Let o be 1/(-3)*3 - -21. Suppose -4*p = -o, -5*p - 5 = 3*w - 54. Let z(c) = -2*c + 12. Give z(w).
-4
Let k be (-4)/((-7)/(-1 + -13)). Let h(w) = -w**3 - 8*w**2 - w - 11. What is h(k)?
-3
Let t(u) be the third derivative of u**6/360 - u**5/40 + u**4/12 - 10*u**3/3 - 37*u**2. Let g(b) be the first derivative of t(b). Determine g(2).
0
Let h(l) = 7*l**2 - 22*l - 6. Let z(p) = 3*p**2 - 10*p - 2. Let c(n) = -2*h(n) + 5*z(n). What is c(3)?
-7
Suppose 2*d - 4 = -0. Let s be d - (-1 - 0/(-1)). Let y(r) = r**3 - 3*r**2 + 4. Give y(s).
4
Let y(z) = -z**3 - 11*z**2 + z + 8. Let a be 1/((-64)/(-22) - 3). Give y(a).
-3
Let l(n) = 2*n + 5. Suppose -12*j - 6 = -15*j. Suppose 0 = f - 6*f - 5*w - 40, j*w = 5*f + 19. Determine l(f).
-5
Suppose 24 = -16*q + 19*q. Let o(b) = b**2 - 7*b - 10. Calculate o(q).
-2
Suppose 7 = -3*k + 28. Let b = -29 - -27. Let i(o) = -o**2 - 7*o + 6. Let p(n) = -2*n**2 - 7*n + 7. Let y(g) = b*p(g) + 3*i(g). What is y(k)?
4
Let r(z) = 5*z**3 - 44*z**2 - 6*z - 31. Let w be r(9). Let u(p) = 0*p + 1 - 4 - p. Calculate u(w).
1
Let z(n) be the first derivative of n**4 + 1/2*n**2 + 0*n**3 - 8 + n. Let r(u) = u + 2. Let m be r(-3). Give z(m).
-4
Suppose -18 = 34*s - 43*s. Let f(c) = -10*c**2 + 2*c + c**3 + s*c + 2*c**2 - 2 + 4*c**2. What is f(3)?
1
Suppose 5*i = 1 + 364. Let q(k) = -i + 76 - k + k - k. Suppose -3*p + 18 = -2*a + 5*a, 0 = -3*p + 9. Calculate q(a).
0
Let b(w) = -47*w - 56*w - 61*w + 179*w + 3*w**2 - 4*w**2 + 7. What is b(16)?
-9
Let v(b) be the first derivative of -2/3*b**3 - 23/4*b**4 - 8 + 0*b - 1/2*b**2. What is v(-1)?
22
Suppose 3*n + 5*o = o + 7, 2*n = o - 10. Let s(v) = v**2 + 4*v + 4. What is s(n)?
1
Suppose o - 6 = -2*o. Let v(r) = -r**3 + r. Let g(i) = -6*i**3 + 2*i**2 + 3*i + 1. Let d(x) = g(x) - 5*v(x). Calculate d(o).
-3
Let i(h) = h**3 - h**2 - 4*h. Let r be (1 - (-2)/(-5))/((-1)/(-5)). Suppose 18 = -r*a + 9*a. What is i(a)?
6
Let n(v) be the first derivative of -2*v**2 + 88. Determine n(2).
-8
Let v(a) be the third derivative of -2*a**5/15 + a**4/24 - a**3/6 + 19*a**2 + 2*a. Suppose 0 = 2*p + w - 3, -w + 1 = -0. Give v(p).
-8
Let r(o) = 15*o + 9. Let y(q) = -6*q - 1. Let b(u) = r(u) + 4*y(u). Give b(2).
-13
Let m(d) = -d**2 + 3*d + 3. Let g be 16*1*(-14 - -15). Suppose 4*u - 5*u = -b + 1, b - 3 = 0. Suppose -5*l = -f - g, -u = -4*l + 3*f + 2. What is m(l)?
-1
Let d(q) be the third derivative of -q**6/20 + q**5/60 - q**4/6 + q**3/3 - q**2 + 67*q. What is d(1)?
-7
Suppose 14*r + 752 = 850. Let i(l) = l**3 - 6*l**2 - 5*l - 14. Determine i(r).
0
Let s(f) = -17*f**3 - 33*f**2 + 16. Let q(z) = -5*z**3 - 11*z**2 + 6. Let i(c) = 7*q(c) - 2*s(c). What is i(-11)?
10
Let w(v) = 3*v + 20. Let z be w(-6). Let l be (-6)/(-18)*z*27. Let j = 14 - l. Let y(t) = -t**3 - 3*t**2 + 6*t + 3. Give y(j).
-5
Let u be (-4 + 22/7)*7. Let i(t) be the third derivative of -t**5/60 - 7*t**4/24 + 5*t**3/6 + t**2 - 4. Determine i(u).
11
Suppose -h + 1 = -2*a, -a = -2*a - 2*h + 2. Let o(v) = v**2 + v - 17. What is o(a)?
-17
Let u(w) = -2*w + 1. Let v(p) = p**3 + p**2 - 3*p - 3. Let l be v(-3). Let c = l + 24. Suppose -5*m - c = -m. What is u(m)?
7
Let o(r) be the first derivative of r**4/4 + 2*r**3 + 4*r**2 + 5*r - 1. Suppose n = -4*w - 2 - 6, w = n - 17. Suppose -n = 3*y + 3. Give o(y).
-10
Let a be (1 - (6 - 3))*15/(-6). Let j(u) = -u**3 + 5*u**2 + 2*u - 6. What is j(a)?
4
Let l(p) be the second derivative of p**5/60 - 5*p**4/24 - p**3/6 + 13*p**2 + 23*p. Let k(h) be the first derivative of l(h). What is k(4)?
-5
Suppose 5*t - y = -10, 3*y - 8*y + 21 = 4*t. Let c(n) = -15*n**3 + 141*n**2 - 47*n**2 - 49*n**2 - 46*n**2. What is c(t)?
14
Let p(k) = -k**2 + k + 8. Let n be (-11)/(-2) + (49/(-14) - -3). Suppose 4*q - 4 = 3*c, -3*c + n*c = -3*q + 3. Determine p(c).
8
Let p(q) = -11*q - 8. Let k(a) = 31*a + 22. Let z(y) = -6*k(y) - 17*p(y). Calculate z(8).
12
Let m = 26 - 24. Let r(u) = -2*u**2 - 2*u + 2*u**2 + 1 - 7*u**2 - 7*u**m. Give r(1).
-15
Let s(o) be the third derivative of 1/24*o**4 - 1/6*o**3 + 0*o + 0 + 17*o**2 + 1/10*o**5. Calculate s(1).
6
Let i(k) = -62*k**3 + 61*k**3 - 2*k**2 + 1 + 2*k + 0*k. Suppose -3*z - 5*v = 1, 3*v - 4*v = 2*z + 3. What is i(z)?
-3
Let n be (-5)/(-2)*2*-2. Let a(o) = 2*o + o**3 + 4*o - 2*o**3 + 24 - 16 - 5*o - 10*o**2. Calculate a(n).
-2
Let k(p) = p. Let l(f) = -3*f - 1. Let v(i) = 9*k(i) + 4*l(i). Let g(y) = -89 + 181 - 7*y - 101. Let n(s) = 4*g(s) - 9*v(s). Calculate n(-2).
2
Let k(o) = o**3 + 6*o**2 + 5*o + 4. Let q be (-3 + 8 + 3)*(-3)/4. Determine k(q).
-26
Suppose -2*q - d + 9 = 0, 191 - 234 = -4*q + 3*d. Let y(o) = -7*o + 15. Calculate y(q).
-34
Let s(t) = t**3 + 8*t**2 - 3*t. Let h be s(-8). Suppose -2*c - 4*c = -h. Let w(l) = l - 3. Give w(c).
1
Let h(i) be the first derivative of -i**2/2 - 7*i - 661. Let y(x) = x**3 + 5*x**2 + 2*x + 3. Let g be y(-5). Let v = g + 4. What is h(v)?
-4
Suppose -4*d = 3*k - 8*k + 2, 2*d + k - 6 = 0. Let c(f) = f**3 - 2*f**2 - f - 1. Calculate c(d).
-3
Let f be -3 - (-12)/(12/4). Let i(l) = -4*l**2 - l + 7. Let u(n) = -5*n**2 - n + 8. Let a(t) = 7*i(t) - 6*u(t). What is a(f)?
2
Let v(z) = -4*z**3 - 7*z**2 + z - 6. Let w(k) = 5*k**3 + 8*k**2 - 2*k + 7. Let a(l) = 4*v(l) + 3*w(l). Let q be (-33)/(132/16) + (-3 + 3)/(-1). Give a(q).
5
Let g(k) = -k**3 - 8*k**2 - k + 4*k**2 + 10*k**2 - 10*k + 10*k. What is g(5)?
20
Let f be (0 + 7)*6/6. Let y(z) = -4*z + 9. Determine y(f).
-19
Let q(p) be the second derivative of 11*p**3/2 + p**2 - 604*p. Determine q(-1).
-31
Let q(g) = g**3 + 5*g**2 + 2*g - 2. Let w be q(-4). Let f(s) be the first derivative of -3*s**2/2 + 7*s - 132. Determine f(w).
-11
Let k(q) = q**3 - 2*q**2 + 4*q + 3. Let c be 7/((-98)/28)*(-6)/4. Give k(c).
24
Let i(s) be the first derivative of -s**2 - 2*s + 15. Let n = 279 + -279. Give i(n).
-2
Suppose 2*g = -5*i - 28, -i + 5*g + 8 = 19. Let u(v) = v**3 + 7*v**2 + 5*v - 4. Determine u(i).
2
Suppose 0 = -4*z + 12. Let o(q) = z - 2*q + 0*q + q. Let a = -155 + 161. Give o(a).
-3
Let b(i) = i**3 - i**2 - 11*i + 22. Suppose -3*s = -4*q + 6 - 9, s - 11 = -2*q. What is b(q)?
7
Suppose h - 3 + 1 = 0. Let q(x) = 2*x**h + 2*x**2 - 2 - 5*x**2. Let v be -1*((-12)/12 + 1). Calculate q(v).
-2
Let c(a) = 44080 + 3*a**2 - 44080 + a. Let p(r) = r + 5. Let v be p(-7). Give c(v).
10
Let t(p) = -3*p - 3. Let v(r) = 9*r + 10. Let d(x) = 11*t(x) + 4*v(x). What is d(-3)?
-2
Suppose -52*c + 6 = -55*c. Let g(i) = -i**3 - 3*i**2 - 2. Calculate g(c).
-6
Let l(b) = 13*b**2 - 31*b + 4. Let z(k) = -6*k**2 + 12*k - 2. Let s(h) = -2*l(h) - 5*z(h). What is s(-2)?
14
Let c be (-4 + 3)/(-2 + 1). Let t = 3 - c. Suppose 3*f + t*k - 3 - 4 = 0, 2*f - k - 14 = 0. Let l(h) = -2*h. What is l(f)?
-10
Let a(v) be the second derivative of v**4/12 + 5*v**3/3 + 5*v**2/2 - v + 5. Give a(-7).
-16
Let p(s) = -3*s + 2. Suppose 0 = -2*r - 2*a + 3*a + 24, 0 = -4*r - a + 36. Suppose -5*g - r = 5*w, 2*g + w + 4 = 5*w. Give p(g).
8
Let o = -17 + 19. Let c(s) = 14*s**2 - 1 - 12*s**o + 2 + 2*s**3. Calculate c(-2).
-7
Let w(f) be the third derivative of -5/24*f**4 - 7/6*f**3 + 1/60*f**5 + 9*f**2 + 0*f + 0. Calculate w(7).
7
Let o(g) be the third derivative of -12*g**2 - 1/30*g**5 + 1/120*g**6 + 0 - 1/3*g**3 + 0*g**4 + 0*g. Determine o(2).
-2
Let v(k) = -k**3 - 8*k**2 - 10*k - 9. Let j be (35/(-25))/(6/30). Calculate v(j).
12
Let v(h) = 2393 - 2392 + h + h. Suppose -68 = -3*g - 14. Let d = g + -16. Give v(d).
5
Let z = -7 + 3. Let c(h) = -2*h + 10. Let g(j) = 5*j - 1. Let n(m) = 4*m - 2. Let l(x) = 3*g(x) - 4*n(x). Let b(i) = 6*c(i) - 13*l(i). Determine b(z).
-9
Let k(x) be the second derivative of -x**4/12 - x**3 + x**2/2 + 192*x. Let r be 4/4 + 5 + -1. Suppose -12 - 2 = z + 5*v, -r*z = -2*v + 16. Give k(z).
9
Let j(b) = -b**2 - 2*b - 3. Suppose -3*u + 2*r = -22, 21 = u - 2*r + 7. Let a be 0/((4/2)/(-2)). Suppose a - 12 = u*k. What is j(k)?
-6
Let p(m) = -2*m**2 - 5*m - 3. Let b be p(-3). Let h(o) = 4*o**2 - 5. Let q(i) = 5*i**2 - 6. Let v(t) = b*q(t) + 7*h(t). Give v(1).
-1
Let r(q) = -q**2 + q + 1. Let i(x) = -4*x**2 +